 10. Let j be m(2). List the prime factors of j*(-2)/(-6) + (-96214)/(-219).
2, 5, 11
Suppose 12*b - 256 = -2656. Let d = b - -348. What are the prime factors of d?
2, 37
Suppose -33*y + 36221 = -41*y + 106165. List the prime factors of y.
7, 1249
Let v(n) = n**3 + 6*n**2 + n + 9. Let y be v(-6). Suppose -y*t = -3*i - 462, -i - 317 = -2*t - 2*i. Suppose -32 - t = -3*c. What are the prime factors of c?
3, 7
Suppose 124 = -4*f - 100. Let w be (4/(-7))/(8/f). Suppose -2*o + 9 + 24 = l, -w*l = -3*o - 176. List the prime factors of l.
41
Let u = 102 + -815. Let v = -460 - u. What are the prime factors of v?
11, 23
Let v be 2 - ((-4)/20 + (-4)/5). Suppose -2*x + b + 6 = 0, -4*x - v*b = 9 - 1. List the prime factors of x/(4 + (-2268)/568).
2, 71
Let t(s) = -3*s**3 + 10*s**2 + 258*s - 136. What are the prime factors of t(-19)?
3, 13, 491
Let x = 422 + -330. Suppose 0 = -x*h + 66*h + 10426. List the prime factors of h.
401
Let m = -93 - -96. Suppose 1884 + 468 = 4*o + n, 5*o - 2933 = -m*n. List the prime factors of o.
19, 31
Let l = -296 - -298. List the prime factors of (-1)/(-2)*(-4 - (-452)/l).
3, 37
Suppose 17 = -11*d - 5. What are the prime factors of d/(-13) - (-2065)/13?
3, 53
What are the prime factors of 57415/(18/(-12)*(-11)/33*5)?
2, 11483
Let u(g) = g**2 - 48*g + 249. Let a be u(42). Let c(t) = -21*t + 83. List the prime factors of c(a).
2, 73
Let k(u) = u**3 - 33*u**2 + 42*u + 5. Let c be k(32). Let b = c + -219. What are the prime factors of b?
2, 53
Suppose 11*h = 2*h - 19386. Suppose -d = 3*d + 72. What are the prime factors of h/d - 2/3?
7, 17
List the prime factors of 21826 + (18 + -20)*2/4 + 1.
2, 7, 1559
Let j = -65465 + 115098. List the prime factors of j.
49633
List the prime factors of 4 - (-2)/(30/25*30/1202346).
3, 7, 3181
Suppose -17*y + 287344 + 119237 = 112379. What are the prime factors of y?
2, 17, 509
Suppose 2*k - 7950 = 5850. Suppose 30*x - k = 12510. List the prime factors of x.
647
List the prime factors of 47 - -4168 - ((-134)/26 + (-8)/(-52)).
2, 5, 211
Let w(i) = i**3 + 20*i**2 - 23*i - 26. Let r = -155 + 134. List the prime factors of w(r).
2
Let z(c) be the second derivative of 115*c**4/6 - 3*c**3 + 33*c**2/2 + 6*c. List the prime factors of z(2).
7, 131
Suppose -292 = -4*d - 3*u, -4*d + 3*d - u + 73 = 0. Suppose -54*v + d*v - 13946 = 0. What are the prime factors of v?
2, 367
Let y be 15/(-9)*(-47 + (-9 - -5)). Suppose -y*p + 67*p + 6822 = 0. What are the prime factors of p?
379
Let w = -12150 + 24308. List the prime factors of w.
2, 6079
Let c = 287 - 311. What are the prime factors of (-2355)/(-9)*c/(-20)?
2, 157
Let s be (-1 - (-2)/3)*(-51 - -48). What are the prime factors of s/(-1) - (-32 - 816)?
7, 11
Let v(x) = x**3 - 8*x**2 - 12*x - 14. Let g be v(8). Let a = g + 200. Let y = a - 41. List the prime factors of y.
7
Let p = 8692 + -5482. List the prime factors of p.
2, 3, 5, 107
Let c(l) = 3*l**2 + 19 + 25*l + 2*l**2 - 58 - 97 - 31*l. What are the prime factors of c(-19)?
1783
Suppose 0 = -395*f - 76*f + 3538152. What are the prime factors of f?
2, 3, 313
Suppose -86 = -11*u + 24. Suppose 0 = -u*i + 4014 + 2046. List the prime factors of i.
2, 3, 101
Suppose -502806 - 260106 = -2*u - 10*u. What are the prime factors of u?
2, 3, 883
Suppose -2*h - 2 = 0, -7*h + 2*h - 5 = 4*k. Suppose k = -3*r + 4091 - 1355. What are the prime factors of r?
2, 3, 19
List the prime factors of 9440 - 0 - (29 - (20 - -15)).
2, 4723
Let k(a) = 19*a**2 + 2*a + 5. Let x be k(7). Let z = x - 244. List the prime factors of z.
2, 353
Suppose 4*x + 5*i + 4 = -0, 3*x + i = 8. Suppose -3*t + x*t - 2*o = 272, 3*t + 3*o - 834 = 0. List the prime factors of t.
2, 3, 23
Suppose -142687 = 18*u - 773515. What are the prime factors of u?
2, 3, 11, 59
List the prime factors of ((-808200)/540)/(2/24*-2).
2, 5, 449
Suppose 7*j = -5 + 117. Let t(o) = o**3 - 15*o**2 - 13*o + 27. List the prime factors of t(j).
3, 5
Let c(m) = -27*m - 5 - 44*m - 29*m - 29. Let s be c(-7). Suppose 0 = -18*i + 3798 - s. What are the prime factors of i?
2, 3, 29
Suppose 5*m = 2*g + 242591 - 39463, -5*g + 121852 = 3*m. List the prime factors of m.
2, 2539
Let n be 9/(-12)*(-5 + (-1)/(-1)). Suppose 0 = 4*t + 3*u + 245 - 1564, 2*t = -n*u + 655. What are the prime factors of t?
2, 83
Let g(a) = a**3 - a**2 - a - 51. Let b be g(0). What are the prime factors of (((-83)/3)/(-1))/(b/(-459))?
3, 83
Let i(x) = -3*x - 53 + 44 + x**2 + 7 + 4*x + 39. What are the prime factors of i(-7)?
79
Suppose 7*b - 2*b - 10 = 0. What are the prime factors of (3 - -620)/(4*b/8)?
7, 89
Suppose -74*v = -38*v - 72. Let x = -1 + 5. Suppose 191 = 5*z + v*k - 448, -373 = -3*z + x*k. What are the prime factors of z?
127
Let n = -12060 - -17240. List the prime factors of n.
2, 5, 7, 37
Suppose -28*h + 12876 = -40*h. Let v = 1654 + h. List the prime factors of v.
7, 83
Suppose 17*u - 462266 = -41*u - 31*u. What are the prime factors of u?
2, 7, 53
Let o(u) be the first derivative of u**3/3 - 5*u**2/2 + 12*u + 12. Let d(h) = -2*h**3 - 19*h**2 - 8*h + 14. Let b be d(-9). List the prime factors of o(b).
2, 3
Let b be 1 - 30*(-5)/2. Suppose -5*r + 793 = 133. Let l = r - b. List the prime factors of l.
2, 7
Suppose 5*q + 6*f = 9*f + 67153, -2*q + 4*f + 26864 = 0. What are the prime factors of q?
2, 5, 17, 79
Suppose -29*p = 3238 + 3722. Let x = p + 426. List the prime factors of x.
2, 3, 31
Suppose -4*u = 33 + 59. Let g be (13 - 8) + u + -2. List the prime factors of (-48)/(-2)*g/(-6).
2, 5
Let a(u) = 2*u - 54*u**2 + 115*u**2 - 6 + 3*u**3 - 63*u**2. Suppose q + 1 + 0 = p, -4*q + 17 = 3*p. What are the prime factors of a(p)?
3, 7
Let z(n) be the third derivative of n**5/60 + n**4/4 + n**3/2 - 11*n**2. Let v be z(-6). List the prime factors of (-1 - v) + (2 - -65).
3, 7
Let v be ((-25)/15 - 2/(-3)) + -24. Let z = v + 258. What are the prime factors of z?
233
Suppose 22777 = -8*h + 47411 + 56270. List the prime factors of h.
3, 3371
Let l be 34105/(-38)*(-18)/(-5). What are the prime factors of (-5)/15*l + (-6)/2?
2, 3, 179
Let l be (8/12)/(4/36). List the prime factors of (0 - -5)/(l - (-6525)/(-1089)).
5, 11
Let s(x) be the first derivative of 9*x**2/2 - 21*x - 1. Let m(h) = 13*h - 8. Let n be m(1). What are the prime factors of s(n)?
2, 3
Let g(j) = 3*j - 16. Let i be g(6). Suppose 2*h + 5*p + 10 = -0, -4 = -h + i*p. Suppose 0*z = 5*z + 4*d - 291, 2*z + 2*d - 118 = h. List the prime factors of z.
5, 11
Suppose -82*d + 2657664 = -49*d + 15*d. List the prime factors of d.
2, 3, 769
Let r(c) = -c**2 + 6*c + 9. Let l be r(10). Let t = 35 + l. Suppose 5*f - 5*v - 435 = 0, 0*v + t*v = -5*f + 480. List the prime factors of f.
2, 23
Suppose -15*p = -3*z - 20*p + 919, 0 = -p - 4. Suppose -113 = -3*x + z. List the prime factors of x.
2, 71
Let j be -2 + -3*2/2. Suppose 2*t + 922 = 4*x, 3*t = -117 + 126. What are the prime factors of x/6 - (j/(-3) + -1)?
2, 19
Let i be 23*(1/1 - 3). Suppose 42*o - 167 = 423 + 2224. Let g = o - i. What are the prime factors of g?
113
Suppose 3 = 5*d + 4*f, 5*d + 3*f = 7*d - 15. Suppose 0 = d*s - 8712 + 3027. List the prime factors of s.
5, 379
Let h = -682 - -682. List the prime factors of (-243)/(-81)*(155 - h).
3, 5, 31
Let o(m) = 0*m - 3 - 4*m + 8*m**2 + 0. Suppose 0 = 6*j - 38 + 14. What are the prime factors of o(j)?
109
Suppose 4*p = -4*f + 11520, 10728 + 792 = 4*p - 3*f. Suppose p + 522 = 9*m. What are the prime factors of m?
2, 3, 7
Let d be 180/48 - (-1)/4. Let a(y) = y**3 - 5*y**2 + 6*y - 2. Let n be a(d). Suppose 4*c = -2 + n, -147 = -5*v - 2*c. What are the prime factors of v?
29
Let o(r) = -61*r - 716. List the prime factors of o(-25).
809
Let d(s) = s**2 - 3*s - 9. Let c be d(-3). Suppose c*t = -2*k + 4*t + 487, -2*t = 4*k - 966. What are the prime factors of k?
241
Let u(m) be the second derivative of m**4/2 - m**3/3 - m**2/2 - m. Let i = -2133 + 2137. List the prime factors of u(i).
3, 29
Let d = 24280 - 17260. What are the prime factors of d?
2, 3, 5, 13
Let m = 19 + 31. Let c = 4 + m. Suppose -2*v - 4*o + c = -66, 2*o + 8 = 0. What are the prime factors of v?
2, 17
Suppose 196*w - 195*w = 94. List the prime factors of w.
2, 47
Let k(g) = -3*g + 37. Let m = 18 - 10. Let r be m/6 - 68/51. List the prime factors of k(r).
37
Let v = 103536 - 67938. What are the prime